{"id":2424,"date":"2025-04-13T19:13:58","date_gmt":"2025-04-13T17:13:58","guid":{"rendered":"https:\/\/international-funeral.com\/?page_id=2424"},"modified":"2025-05-23T13:54:54","modified_gmt":"2025-05-23T11:54:54","slug":"internacional","status":"publish","type":"page","link":"https:\/\/international-funeral.com\/es\/ueberfuehrung\/international\/","title":{"rendered":"Transferencias internacionales"},"content":{"rendered":"<div data-elementor-type=\"wp-page\" data-elementor-id=\"2424\" class=\"elementor elementor-2424\" data-elementor-post-type=\"page\">\n\t\t\t\t<div class=\"elementor-element elementor-element-fc5bac4 e-flex e-con-boxed e-con e-parent\" data-id=\"fc5bac4\" data-element_type=\"container\" data-e-type=\"container\">\n\t\t\t\t\t<div class=\"e-con-inner\">\n\t\t\t\t<div class=\"elementor-element elementor-element-531038f elementor-widget elementor-widget-heading\" data-id=\"531038f\" data-element_type=\"widget\" data-e-type=\"widget\" data-widget_type=\"heading.default\">\n\t\t\t\t<div class=\"elementor-widget-container\">\n\t\t\t\t\t<h1 class=\"elementor-heading-title elementor-size-default\">Traslados internacionales con experiencia y respeto<\/h1>\t\t\t\t<\/div>\n\t\t\t\t<\/div>\n\t\t\t\t<div class=\"elementor-element elementor-element-d3cea8d elementor-widget elementor-widget-text-editor\" data-id=\"d3cea8d\" data-element_type=\"widget\" data-e-type=\"widget\" data-widget_type=\"text-editor.default\">\n\t\t\t\t<div class=\"elementor-widget-container\">\n\t\t\t\t\t\t\t\t\tUn fallecimiento en el extranjero es una situaci\u00f3n emocional excepcional - a menudo adicionalmente estresante para los familiares debido a las barreras ling\u00fc\u00edsticas, las leyes extranjeras y la falta de personas de contacto.\nComo funeraria con experiencia y vocaci\u00f3n internacional, nos aseguramos de que cada repatriaci\u00f3n se lleve a cabo de forma profesional, respetuosa y fiable, desde cualquier lugar del mundo.\n\nNos encargamos de todos los tr\u00e1mites organizativos y log\u00edsticos para que usted no tenga que lidiar con autoridades, documentos y traducciones.\t\t\t\t\t\t\t\t<\/div>\n\t\t\t\t<\/div>\n\t\t\t\t<div class=\"elementor-element elementor-element-7b9d237 elementor-widget elementor-widget-heading\" data-id=\"7b9d237\" data-element_type=\"widget\" data-e-type=\"widget\" data-widget_type=\"heading.default\">\n\t\t\t\t<div class=\"elementor-widget-container\">\n\t\t\t\t\t<h2 class=\"elementor-heading-title elementor-size-default\">Red mundial: con socios locales en todos los continentes.<\/h2>\t\t\t\t<\/div>\n\t\t\t\t<\/div>\n\t\t\t\t<div class=\"elementor-element elementor-element-7270ad4 elementor-widget elementor-widget-text-editor\" data-id=\"7270ad4\" data-element_type=\"widget\" data-e-type=\"widget\" data-widget_type=\"text-editor.default\">\n\t\t\t\t<div class=\"elementor-widget-container\">\n\t\t\t\t\t\t\t\t\t<p>Ya sea repatriaci\u00f3n desde Europa, Asia, \u00c1frica, Am\u00e9rica del Norte o del Sur: conocemos la normativa de entrada, los requisitos aduaneros y las leyes de enterramiento de los respectivos pa\u00edses.<br \/>Nuestra cooperaci\u00f3n internacional con:<\/p><ul><li>Consulados y embajadas<\/li><li>Funerarias locales en todo el mundo<\/li><li>Compa\u00f1\u00edas a\u00e9reas con certificados de transferencia<\/li><li>Agencias de traducci\u00f3n y notar\u00edas<\/li><\/ul><p>\u00a0<\/p><p>le garantiza una repatriaci\u00f3n o traslado al extranjero r\u00e1pido y sin contratiempos. Cada paso se lleva a cabo de acuerdo con los requisitos religiosos y culturales de su pa\u00eds de origen.<\/p>\t\t\t\t\t\t\t\t<\/div>\n\t\t\t\t<\/div>\n\t\t\t\t<div class=\"elementor-element elementor-element-abaeff5 elementor-widget elementor-widget-heading\" data-id=\"abaeff5\" data-element_type=\"widget\" data-e-type=\"widget\" data-widget_type=\"heading.default\">\n\t\t\t\t<div class=\"elementor-widget-container\">\n\t\t\t\t\t<h3 class=\"elementor-heading-title elementor-size-default\">Procesos transparentes y apoyo personal<\/h3>\t\t\t\t<\/div>\n\t\t\t\t<\/div>\n\t\t\t\t<div class=\"elementor-element elementor-element-282dc9f elementor-widget elementor-widget-text-editor\" data-id=\"282dc9f\" data-element_type=\"widget\" data-e-type=\"widget\" data-widget_type=\"text-editor.default\">\n\t\t\t\t<div class=\"elementor-widget-container\">\n\t\t\t\t\t\t\t\t\t<p>La confianza es crucial, especialmente en las transferencias internacionales. Le proporcionaremos una persona de contacto personal que le acompa\u00f1ar\u00e1 paso a paso.<br \/>Le explicamos el proceso de forma clara y comprensible, nos encargamos de la programaci\u00f3n y nos aseguramos de que todos los documentos est\u00e9n disponibles a tiempo y correctamente, por ejemplo:<\/p><ul><li>Certificados internacionales de defunci\u00f3n y apostillas<\/li><li>Reservas de vuelos y transporte de f\u00e9retros<\/li><li>Documentos aduaneros y de importaci\u00f3n<\/li><li>Funerales y formularios de inscripci\u00f3n<\/li><\/ul><p>Nuestra experiencia es su ventaja: sabemos qu\u00e9 hacer en cada situaci\u00f3n y actuamos de inmediato.<\/p><p>M\u00e1s informaci\u00f3n sobre nuestros servicios internacionales<\/p>\t\t\t\t\t\t\t\t<\/div>\n\t\t\t\t<\/div>\n\t\t\t\t\t<\/div>\n\t\t\t\t<\/div>\n\t\t\t\t<\/div>","protected":false},"excerpt":{"rendered":"<p>Internationale \u00dcberf\u00fchrungen mit Erfahrung und Respekt Ein Todesfall im Ausland ist eine emotionale Ausnahmesituation \u2013 f\u00fcr Angeh\u00f6rige oft zus\u00e4tzlich belastend durch sprachliche H\u00fcrden, fremde Gesetze und fehlende Ansprechpartner. Als erfahrenes Bestattungsunternehmen mit internationalem Schwerpunkt sorgen wir daf\u00fcr, dass jede \u00dcberf\u00fchrung professionell, piet\u00e4tvoll und zuverl\u00e4ssig abl\u00e4uft \u2013 von jedem Ort der Welt aus. Wir k\u00fcmmern uns [&hellip;]<\/p>\n","protected":false},"author":1,"featured_media":0,"parent":167,"menu_order":0,"comment_status":"closed","ping_status":"closed","template":"","meta":{"_acf_changed":false,"footnotes":""},"class_list":["post-2424","page","type-page","status-publish","hentry"],"acf":[],"yoast_head":"<!-- This site is optimized with the Yoast SEO plugin v27.5 - https:\/\/yoast.com\/product\/yoast-seo-wordpress\/ -->\n<title>Internationale \u00dcberf\u00fchrungen weltweit | Mit Erfahrung &amp; Respekt<\/title>\n<meta name=\"description\" content=\"Weltweite \u00dcberf\u00fchrungen im Todesfall: Rechtssicher, kultursensibel &amp; pers\u00f6nlich begleitet \u2013 mit Erfahrung auf allen Kontinenten.\" \/>\n<meta name=\"robots\" content=\"index, follow, max-snippet:-1, max-image-preview:large, max-video-preview:-1\" \/>\n<link rel=\"canonical\" href=\"https:\/\/international-funeral.com\/es\/transferencia\/internacional\/\" \/>\n<meta property=\"og:locale\" content=\"es_ES\" \/>\n<meta property=\"og:type\" content=\"article\" \/>\n<meta property=\"og:title\" content=\"Internationale \u00dcberf\u00fchrungen weltweit | Mit Erfahrung &amp; Respekt\" \/>\n<meta property=\"og:description\" content=\"Weltweite \u00dcberf\u00fchrungen im Todesfall: Rechtssicher, kultursensibel &amp; pers\u00f6nlich begleitet \u2013 mit Erfahrung auf allen Kontinenten.\" \/>\n<meta property=\"og:url\" content=\"https:\/\/international-funeral.com\/es\/transferencia\/internacional\/\" \/>\n<meta property=\"og:site_name\" content=\"international-funeral.com\" \/>\n<meta property=\"article:modified_time\" content=\"2025-05-23T11:54:54+00:00\" \/>\n<meta name=\"twitter:card\" content=\"summary_large_image\" \/>\n<meta name=\"twitter:label1\" content=\"Tiempo de lectura\" \/>\n\t<meta name=\"twitter:data1\" content=\"2 minutos\" \/>\n<script type=\"application\/ld+json\" class=\"yoast-schema-graph\">{\"@context\":\"https:\\\/\\\/schema.org\",\"@graph\":[{\"@type\":\"WebPage\",\"@id\":\"https:\\\/\\\/international-funeral.com\\\/ueberfuehrung\\\/international\\\/\",\"url\":\"https:\\\/\\\/international-funeral.com\\\/ueberfuehrung\\\/international\\\/\",\"name\":\"Internationale \u00dcberf\u00fchrungen weltweit | Mit Erfahrung & Respekt\",\"isPartOf\":{\"@id\":\"https:\\\/\\\/international-funeral.com\\\/#website\"},\"datePublished\":\"2025-04-13T17:13:58+00:00\",\"dateModified\":\"2025-05-23T11:54:54+00:00\",\"description\":\"Weltweite \u00dcberf\u00fchrungen im Todesfall: Rechtssicher, kultursensibel & pers\u00f6nlich begleitet \u2013 mit Erfahrung auf allen Kontinenten.\",\"breadcrumb\":{\"@id\":\"https:\\\/\\\/international-funeral.com\\\/ueberfuehrung\\\/international\\\/#breadcrumb\"},\"inLanguage\":\"es\",\"potentialAction\":[{\"@type\":\"ReadAction\",\"target\":[\"https:\\\/\\\/international-funeral.com\\\/ueberfuehrung\\\/international\\\/\"]}]},{\"@type\":\"BreadcrumbList\",\"@id\":\"https:\\\/\\\/international-funeral.com\\\/ueberfuehrung\\\/international\\\/#breadcrumb\",\"itemListElement\":[{\"@type\":\"ListItem\",\"position\":1,\"name\":\"Startseite\",\"item\":\"https:\\\/\\\/international-funeral.com\\\/\"},{\"@type\":\"ListItem\",\"position\":2,\"name\":\"Weltweite \u00dcberf\u00fchrungen\",\"item\":\"https:\\\/\\\/international-funeral.com\\\/ueberfuehrung\\\/\"},{\"@type\":\"ListItem\",\"position\":3,\"name\":\"Internationale \u00dcberf\u00fchrungen\"}]},{\"@type\":\"WebSite\",\"@id\":\"https:\\\/\\\/international-funeral.com\\\/#website\",\"url\":\"https:\\\/\\\/international-funeral.com\\\/\",\"name\":\"international-funeral.com\",\"description\":\"Pompes Fun\u00e9bres |\u00a0Funeral Home | Wordwide Transfers\",\"publisher\":{\"@id\":\"https:\\\/\\\/international-funeral.com\\\/#organization\"},\"potentialAction\":[{\"@type\":\"SearchAction\",\"target\":{\"@type\":\"EntryPoint\",\"urlTemplate\":\"https:\\\/\\\/international-funeral.com\\\/?s={search_term_string}\"},\"query-input\":{\"@type\":\"PropertyValueSpecification\",\"valueRequired\":true,\"valueName\":\"search_term_string\"}}],\"inLanguage\":\"es\"},{\"@type\":\"Organization\",\"@id\":\"https:\\\/\\\/international-funeral.com\\\/#organization\",\"name\":\"international-funeral.com\",\"url\":\"https:\\\/\\\/international-funeral.com\\\/\",\"logo\":{\"@type\":\"ImageObject\",\"inLanguage\":\"es\",\"@id\":\"https:\\\/\\\/international-funeral.com\\\/#\\\/schema\\\/logo\\\/image\\\/\",\"url\":\"https:\\\/\\\/international-funeral.com\\\/wp-content\\\/uploads\\\/2025\\\/05\\\/if_logo_pos.png\",\"contentUrl\":\"https:\\\/\\\/international-funeral.com\\\/wp-content\\\/uploads\\\/2025\\\/05\\\/if_logo_pos.png\",\"width\":1890,\"height\":543,\"caption\":\"international-funeral.com\"},\"image\":{\"@id\":\"https:\\\/\\\/international-funeral.com\\\/#\\\/schema\\\/logo\\\/image\\\/\"}}]}<\/script>\n<!-- \/ Yoast SEO plugin. -->","yoast_head_json":{"title":"Transferencias internacionales en todo el mundo | Con experiencia y respeto","description":"Repatriaci\u00f3n mundial en caso de fallecimiento: conforme a la ley, culturalmente sensible y con acompa\u00f1amiento personal - con experiencia en todos los continentes.","robots":{"index":"index","follow":"follow","max-snippet":"max-snippet:-1","max-image-preview":"max-image-preview:large","max-video-preview":"max-video-preview:-1"},"canonical":"https:\/\/international-funeral.com\/es\/transferencia\/internacional\/","og_locale":"es_ES","og_type":"article","og_title":"Internationale \u00dcberf\u00fchrungen weltweit | Mit Erfahrung & Respekt","og_description":"Weltweite \u00dcberf\u00fchrungen im Todesfall: Rechtssicher, kultursensibel & pers\u00f6nlich begleitet \u2013 mit Erfahrung auf allen Kontinenten.","og_url":"https:\/\/international-funeral.com\/es\/transferencia\/internacional\/","og_site_name":"international-funeral.com","article_modified_time":"2025-05-23T11:54:54+00:00","twitter_card":"summary_large_image","twitter_misc":{"Tiempo de lectura":"2 minutos"},"schema":{"@context":"https:\/\/schema.org","@graph":[{"@type":"WebPage","@id":"https:\/\/international-funeral.com\/ueberfuehrung\/international\/","url":"https:\/\/international-funeral.com\/ueberfuehrung\/international\/","name":"Transferencias internacionales en todo el mundo | Con experiencia y respeto","isPartOf":{"@id":"https:\/\/international-funeral.com\/#website"},"datePublished":"2025-04-13T17:13:58+00:00","dateModified":"2025-05-23T11:54:54+00:00","description":"Repatriaci\u00f3n mundial en caso de fallecimiento: conforme a la ley, culturalmente sensible y con acompa\u00f1amiento personal - con experiencia en todos los continentes.","breadcrumb":{"@id":"https:\/\/international-funeral.com\/ueberfuehrung\/international\/#breadcrumb"},"inLanguage":"es","potentialAction":[{"@type":"ReadAction","target":["https:\/\/international-funeral.com\/ueberfuehrung\/international\/"]}]},{"@type":"BreadcrumbList","@id":"https:\/\/international-funeral.com\/ueberfuehrung\/international\/#breadcrumb","itemListElement":[{"@type":"ListItem","position":1,"name":"Startseite","item":"https:\/\/international-funeral.com\/"},{"@type":"ListItem","position":2,"name":"Weltweite \u00dcberf\u00fchrungen","item":"https:\/\/international-funeral.com\/ueberfuehrung\/"},{"@type":"ListItem","position":3,"name":"Internationale \u00dcberf\u00fchrungen"}]},{"@type":"WebSite","@id":"https:\/\/international-funeral.com\/#website","url":"https:\/\/international-funeral.com\/","name":"international-funeral.com","description":"Pompes Fun\u00e9bres | Funeraria | Traslados internacionales","publisher":{"@id":"https:\/\/international-funeral.com\/#organization"},"potentialAction":[{"@type":"SearchAction","target":{"@type":"EntryPoint","urlTemplate":"https:\/\/international-funeral.com\/?s={search_term_string}"},"query-input":{"@type":"PropertyValueSpecification","valueRequired":true,"valueName":"search_term_string"}}],"inLanguage":"es"},{"@type":"Organization","@id":"https:\/\/international-funeral.com\/#organization","name":"international-funeral.com","url":"https:\/\/international-funeral.com\/","logo":{"@type":"ImageObject","inLanguage":"es","@id":"https:\/\/international-funeral.com\/#\/schema\/logo\/image\/","url":"https:\/\/international-funeral.com\/wp-content\/uploads\/2025\/05\/if_logo_pos.png","contentUrl":"https:\/\/international-funeral.com\/wp-content\/uploads\/2025\/05\/if_logo_pos.png","width":1890,"height":543,"caption":"international-funeral.com"},"image":{"@id":"https:\/\/international-funeral.com\/#\/schema\/logo\/image\/"}}]}},"_links":{"self":[{"href":"https:\/\/international-funeral.com\/es\/wp-json\/wp\/v2\/pages\/2424","targetHints":{"allow":["GET"]}}],"collection":[{"href":"https:\/\/international-funeral.com\/es\/wp-json\/wp\/v2\/pages"}],"about":[{"href":"https:\/\/international-funeral.com\/es\/wp-json\/wp\/v2\/types\/page"}],"author":[{"embeddable":true,"href":"https:\/\/international-funeral.com\/es\/wp-json\/wp\/v2\/users\/1"}],"replies":[{"embeddable":true,"href":"https:\/\/international-funeral.com\/es\/wp-json\/wp\/v2\/comments?post=2424"}],"version-history":[{"count":5,"href":"https:\/\/international-funeral.com\/es\/wp-json\/wp\/v2\/pages\/2424\/revisions"}],"predecessor-version":[{"id":3088,"href":"https:\/\/international-funeral.com\/es\/wp-json\/wp\/v2\/pages\/2424\/revisions\/3088"}],"up":[{"embeddable":true,"href":"https:\/\/international-funeral.com\/es\/wp-json\/wp\/v2\/pages\/167"}],"wp:attachment":[{"href":"https:\/\/international-funeral.com\/es\/wp-json\/wp\/v2\/media?parent=2424"}],"curies":[{"name":"wp","href":"https:\/\/api.w.org\/{rel}","templated":true}]}}

<div data-elementor-type="wp-page" data-elementor-id="2424" class="elementor elementor-2424" data-elementor-post-type="page">
				<div class="elementor-element elementor-element-fc5bac4 e-flex e-con-boxed e-con e-parent" data-id="fc5bac4" data-element_type="container" data-e-type="container">
					<div class="e-con-inner">
				<div class="elementor-element elementor-element-531038f elementor-widget elementor-widget-heading" data-id="531038f" data-element_type="widget" data-e-type="widget" data-widget_type="heading.default">
				<div class="elementor-widget-container">
					<h1 class="elementor-heading-title elementor-size-default">Traslados internacionales con experiencia y respeto</h1>				</div>
				</div>
				<div class="elementor-element elementor-element-d3cea8d elementor-widget elementor-widget-text-editor" data-id="d3cea8d" data-element_type="widget" data-e-type="widget" data-widget_type="text-editor.default">
				<div class="elementor-widget-container">
									Un fallecimiento en el extranjero es una situación emocional excepcional - a menudo adicionalmente estresante para los familiares debido a las barreras lingüísticas, las leyes extranjeras y la falta de personas de contacto.
Como funeraria con experiencia y vocación internacional, nos aseguramos de que cada repatriación se lleve a cabo de forma profesional, respetuosa y fiable, desde cualquier lugar del mundo.

Nos encargamos de todos los trámites organizativos y logísticos para que usted no tenga que lidiar con autoridades, documentos y traducciones.								</div>
				</div>
				<div class="elementor-element elementor-element-7b9d237 elementor-widget elementor-widget-heading" data-id="7b9d237" data-element_type="widget" data-e-type="widget" data-widget_type="heading.default">
				<div class="elementor-widget-container">
					<h2 class="elementor-heading-title elementor-size-default">Red mundial: con socios locales en todos los continentes.</h2>				</div>
				</div>
				<div class="elementor-element elementor-element-7270ad4 elementor-widget elementor-widget-text-editor" data-id="7270ad4" data-element_type="widget" data-e-type="widget" data-widget_type="text-editor.default">
				<div class="elementor-widget-container">
									<p>Ya sea repatriación desde Europa, Asia, África, América del Norte o del Sur: conocemos la normativa de entrada, los requisitos aduaneros y las leyes de enterramiento de los respectivos países.<br />Nuestra cooperación internacional con:</p><ul><li>Consulados y embajadas</li><li>Funerarias locales en todo el mundo</li><li>Compañías aéreas con certificados de transferencia</li><li>Agencias de traducción y notarías</li></ul><p> </p><p>le garantiza una repatriación o traslado al extranjero rápido y sin contratiempos. Cada paso se lleva a cabo de acuerdo con los requisitos religiosos y culturales de su país de origen.</p>								</div>
				</div>
				<div class="elementor-element elementor-element-abaeff5 elementor-widget elementor-widget-heading" data-id="abaeff5" data-element_type="widget" data-e-type="widget" data-widget_type="heading.default">
				<div class="elementor-widget-container">
					<h3 class="elementor-heading-title elementor-size-default">Procesos transparentes y apoyo personal</h3>				</div>
				</div>
				<div class="elementor-element elementor-element-282dc9f elementor-widget elementor-widget-text-editor" data-id="282dc9f" data-element_type="widget" data-e-type="widget" data-widget_type="text-editor.default">
				<div class="elementor-widget-container">
									<p>La confianza es crucial, especialmente en las transferencias internacionales. Le proporcionaremos una persona de contacto personal que le acompañará paso a paso.<br />Le explicamos el proceso de forma clara y comprensible, nos encargamos de la programación y nos aseguramos de que todos los documentos estén disponibles a tiempo y correctamente, por ejemplo:</p><ul><li>Certificados internacionales de defunción y apostillas</li><li>Reservas de vuelos y transporte de féretros</li><li>Documentos aduaneros y de importación</li><li>Funerales y formularios de inscripción</li></ul><p>Nuestra experiencia es su ventaja: sabemos qué hacer en cada situación y actuamos de inmediato.</p><p>Más información sobre nuestros servicios internacionales</p>								</div>
				</div>
					</div>
				</div>
				</div>

<p>Internationale Überführungen mit Erfahrung und Respekt Ein Todesfall im Ausland ist eine emotionale Ausnahmesituation – für Angehörige oft zusätzlich belastend durch sprachliche Hürden, fremde Gesetze und fehlende Ansprechpartner. Als erfahrenes Bestattungsunternehmen mit internationalem Schwerpunkt sorgen wir dafür, dass jede Überführung professionell, pietätvoll und zuverlässig abläuft – von jedem Ort der Welt aus. Wir kümmern uns [&hellip;]</p>

<!-- This site is optimized with the Yoast SEO plugin v27.5 - https://yoast.com/product/yoast-seo-wordpress/ -->
<title>Internationale Überführungen weltweit | Mit Erfahrung &amp; Respekt</title>
<meta name="description" content="Weltweite Überführungen im Todesfall: Rechtssicher, kultursensibel &amp; persönlich begleitet – mit Erfahrung auf allen Kontinenten." />
<meta name="robots" content="index, follow, max-snippet:-1, max-image-preview:large, max-video-preview:-1" />
<link rel="canonical" href="https://international-funeral.com/es/transferencia/internacional/" />
<meta property="og:locale" content="es_ES" />
<meta property="og:type" content="article" />
<meta property="og:title" content="Internationale Überführungen weltweit | Mit Erfahrung &amp; Respekt" />
<meta property="og:description" content="Weltweite Überführungen im Todesfall: Rechtssicher, kultursensibel &amp; persönlich begleitet – mit Erfahrung auf allen Kontinenten." />
<meta property="og:url" content="https://international-funeral.com/es/transferencia/internacional/" />
<meta property="og:site_name" content="international-funeral.com" />
<meta property="article:modified_time" content="2025-05-23T11:54:54+00:00" />
<meta name="twitter:card" content="summary_large_image" />
<meta name="twitter:label1" content="Tiempo de lectura" />
	<meta name="twitter:data1" content="2 minutos" />
<script type="application/ld+json" class="yoast-schema-graph">{"@context":"https:\/\/schema.org","@graph":[{"@type":"WebPage","@id":"https:\/\/international-funeral.com\/ueberfuehrung\/international\/","url":"https:\/\/international-funeral.com\/ueberfuehrung\/international\/","name":"Internationale Überführungen weltweit | Mit Erfahrung & Respekt","isPartOf":{"@id":"https:\/\/international-funeral.com\/#website"},"datePublished":"2025-04-13T17:13:58+00:00","dateModified":"2025-05-23T11:54:54+00:00","description":"Weltweite Überführungen im Todesfall: Rechtssicher, kultursensibel & persönlich begleitet – mit Erfahrung auf allen Kontinenten.","breadcrumb":{"@id":"https:\/\/international-funeral.com\/ueberfuehrung\/international\/#breadcrumb"},"inLanguage":"es","potentialAction":[{"@type":"ReadAction","target":["https:\/\/international-funeral.com\/ueberfuehrung\/international\/"]}]},{"@type":"BreadcrumbList","@id":"https:\/\/international-funeral.com\/ueberfuehrung\/international\/#breadcrumb","itemListElement":[{"@type":"ListItem","position":1,"name":"Startseite","item":"https:\/\/international-funeral.com\/"},{"@type":"ListItem","position":2,"name":"Weltweite Überführungen","item":"https:\/\/international-funeral.com\/ueberfuehrung\/"},{"@type":"ListItem","position":3,"name":"Internationale Überführungen"}]},{"@type":"WebSite","@id":"https:\/\/international-funeral.com\/#website","url":"https:\/\/international-funeral.com\/","name":"international-funeral.com","description":"Pompes Funébres | Funeral Home | Wordwide Transfers","publisher":{"@id":"https:\/\/international-funeral.com\/#organization"},"potentialAction":[{"@type":"SearchAction","target":{"@type":"EntryPoint","urlTemplate":"https:\/\/international-funeral.com\/?s={search_term_string}"},"query-input":{"@type":"PropertyValueSpecification","valueRequired":true,"valueName":"search_term_string"}}],"inLanguage":"es"},{"@type":"Organization","@id":"https:\/\/international-funeral.com\/#organization","name":"international-funeral.com","url":"https:\/\/international-funeral.com\/","logo":{"@type":"ImageObject","inLanguage":"es","@id":"https:\/\/international-funeral.com\/#\/schema\/logo\/image\/","url":"https:\/\/international-funeral.com\/wp-content\/uploads\/2025\/05\/if_logo_pos.png","contentUrl":"https:\/\/international-funeral.com\/wp-content\/uploads\/2025\/05\/if_logo_pos.png","width":1890,"height":543,"caption":"international-funeral.com"},"image":{"@id":"https:\/\/international-funeral.com\/#\/schema\/logo\/image\/"}}]}</script>
<!-- / Yoast SEO plugin. -->

Repatriación mundial en caso de fallecimiento: conforme a la ley, culturalmente sensible y con acompañamiento personal - con experiencia en todos los continentes.

Internationale Überführungen weltweit | Mit Erfahrung & Respekt

Weltweite Überführungen im Todesfall: Rechtssicher, kultursensibel & persönlich begleitet – mit Erfahrung auf allen Kontinenten.

Weltweite Überführungen

Internationale Überführungen

Pompes Funébres | Funeraria | Traslados internacionales
