{"id":169,"date":"2023-12-19T17:11:49","date_gmt":"2023-12-19T16:11:49","guid":{"rendered":"https:\/\/international-funeral.com\/?page_id=169"},"modified":"2025-05-23T13:58:31","modified_gmt":"2025-05-23T11:58:31","slug":"alemania","status":"publish","type":"page","link":"https:\/\/international-funeral.com\/es\/bestattungen\/deutschland\/","title":{"rendered":"Entierro en Alemania"},"content":{"rendered":"<div data-elementor-type=\"wp-page\" data-elementor-id=\"169\" class=\"elementor elementor-169\" data-elementor-post-type=\"page\">\n\t\t\t\t<div class=\"elementor-element elementor-element-3b82c54c e-flex e-con-boxed e-con e-parent\" data-id=\"3b82c54c\" data-element_type=\"container\" data-e-type=\"container\">\n\t\t\t\t\t<div class=\"e-con-inner\">\n\t\t\t\t<div class=\"elementor-element elementor-element-bf30d79 elementor-widget elementor-widget-heading\" data-id=\"bf30d79\" data-element_type=\"widget\" data-e-type=\"widget\" data-widget_type=\"heading.default\">\n\t\t\t\t<div class=\"elementor-widget-container\">\n\t\t\t\t\t<h2 class=\"elementor-heading-title elementor-size-default\">Enterramientos en Alemania<\/h2>\t\t\t\t<\/div>\n\t\t\t\t<\/div>\n\t\t\t\t<div class=\"elementor-element elementor-element-626ead83 elementor-widget elementor-widget-text-editor\" data-id=\"626ead83\" data-element_type=\"widget\" data-e-type=\"widget\" data-widget_type=\"text-editor.default\">\n\t\t\t\t<div class=\"elementor-widget-container\">\n\t\t\t\t\t\t\t\t\t<p>La inhumaci\u00f3n en el suelo es el tipo de enterramiento tradicional en Alemania.<\/p><p>Generalmente se realiza en un ata\u00fad de madera. Es posible hacer excepciones, por ejemplo por motivos religiosos, en cementerios designados. El periodo de descanso en Alemania suele ser de 20 a\u00f1os. Hay numerosas opciones para elegir una tumba. La tumba debe ser mantenida por el familiar m\u00e1s cercano. Sin embargo, dependiendo del cementerio, hay sepulturas que no tienen que ser mantenidas por los familiares.<\/p><p>Si el funeral se celebra en Alemania, por lo general es posible celebrar un funeral con una ceremonia laica o espiritual. Tambi\u00e9n es posible un entierro sin funeral. Los gastos funerarios pueden ser sufragados por la oficina de asistencia social o la autoridad de inmigraci\u00f3n competente.<\/p><p>Estaremos encantados de asesorarle gratuitamente.<\/p>\t\t\t\t\t\t\t\t<\/div>\n\t\t\t\t<\/div>\n\t\t\t\t<div class=\"elementor-element elementor-element-a163c3b elementor-widget elementor-widget-heading\" data-id=\"a163c3b\" data-element_type=\"widget\" data-e-type=\"widget\" data-widget_type=\"heading.default\">\n\t\t\t\t<div class=\"elementor-widget-container\">\n\t\t\t\t\t<h2 class=\"elementor-heading-title elementor-size-default\">Cremaciones en Alemania<\/h2>\t\t\t\t<\/div>\n\t\t\t\t<\/div>\n\t\t\t\t<div class=\"elementor-element elementor-element-3f46c15 elementor-widget elementor-widget-text-editor\" data-id=\"3f46c15\" data-element_type=\"widget\" data-e-type=\"widget\" data-widget_type=\"text-editor.default\">\n\t\t\t\t<div class=\"elementor-widget-container\">\n\t\t\t\t\t\t\t\t\t<p>En Alemania, la incineraci\u00f3n se considera una alternativa y suele ser el tipo de enterramiento m\u00e1s favorable.<\/p><p>Por lo general, la cremaci\u00f3n tiene lugar en un ata\u00fad. Salvo algunas excepciones, casi todas las religiones y creencias aceptan la cremaci\u00f3n. El periodo de descanso en un cementerio alem\u00e1n suele ser de 20 a\u00f1os. Hay numerosas opciones para elegir una tumba. La tumba debe ser cuidada por los familiares. Sin embargo, dependiendo del cementerio, hay muchas sepulturas que no tienen que ser mantenidas por los familiares. Si el funeral se celebra en Alemania, por lo general es posible celebrar un servicio funerario con una ceremonia laica o espiritual. Tambi\u00e9n es posible un entierro sin servicio funerario.<\/p><p>Los gastos de sepelio pueden ser sufragados por la oficina de asistencia social o la autoridad de inmigraci\u00f3n competente.<\/p><p>Estaremos encantados de asesorarle gratuitamente.<\/p>\t\t\t\t\t\t\t\t<\/div>\n\t\t\t\t<\/div>\n\t\t\t\t<div class=\"elementor-element elementor-element-ca6e575 elementor-widget elementor-widget-heading\" data-id=\"ca6e575\" data-element_type=\"widget\" data-e-type=\"widget\" data-widget_type=\"heading.default\">\n\t\t\t\t<div class=\"elementor-widget-container\">\n\t\t\t\t\t<h2 class=\"elementor-heading-title elementor-size-default\">Funerales en Alemania<\/h2>\t\t\t\t<\/div>\n\t\t\t\t<\/div>\n\t\t\t\t<div class=\"elementor-element elementor-element-a4b890c elementor-widget elementor-widget-text-editor\" data-id=\"a4b890c\" data-element_type=\"widget\" data-e-type=\"widget\" data-widget_type=\"text-editor.default\">\n\t\t\t\t<div class=\"elementor-widget-container\">\n\t\t\t\t\t\t\t\t\t<p>Como funeraria, nos encargamos de organizar para usted todo el servicio funerario, incluido el entierro en un cementerio de Alemania o la posterior incineraci\u00f3n. Tambi\u00e9n podemos organizar por su cuenta el servicio funerario o la ceremonia de despedida, que usted podr\u00e1 organizar de acuerdo con sus necesidades personales o ritos religiosos.<\/p><p>P\u00f3ngase en contacto con nosotros sobre las opciones individuales para una despedida.<\/p>\t\t\t\t\t\t\t\t<\/div>\n\t\t\t\t<\/div>\n\t\t\t\t\t<\/div>\n\t\t\t\t<\/div>\n\t\t\t\t<\/div>","protected":false},"excerpt":{"rendered":"<p>Erdbestattungen in Deutschland Die Erdbestattung gilt in Deutschland als die traditionelle Bestattungsart. Diese erfolgt grunds\u00e4tzlich in einem Sarg aus Holz. Ausnahmen, z. B. aus religi\u00f6sen Gr\u00fcnden, sind auf ausgewiesenen Friedh\u00f6fen m\u00f6glich. Die Ruhefrist betr\u00e4gt in Deutschland im Allgemeinen 20 Jahre. Es gibt zahlreiche M\u00f6glichkeiten der Grabauswahl. Das Grab muss von den Angeh\u00f6rigen gepflegt werden. Es [&hellip;]<\/p>\n","protected":false},"author":1,"featured_media":0,"parent":2896,"menu_order":0,"comment_status":"closed","ping_status":"closed","template":"","meta":{"_acf_changed":false,"footnotes":""},"class_list":["post-169","page","type-page","status-publish","hentry"],"acf":[],"yoast_head":"<!-- This site is optimized with the Yoast SEO plugin v27.5 - https:\/\/yoast.com\/product\/yoast-seo-wordpress\/ -->\n<title>Bestattungen in Deutschland | Erd-, Feuerbestattung &amp; Trauerfeier<\/title>\n<meta name=\"description\" content=\"Traditionelle Erd- &amp; Feuerbestattungen, mit oder ohne Trauerfeier, wir beraten Sie individuell, einf\u00fchlsam &amp; kostenfrei zur Bestattung.\" \/>\n<meta name=\"robots\" content=\"index, follow, max-snippet:-1, max-image-preview:large, max-video-preview:-1\" \/>\n<link rel=\"canonical\" href=\"https:\/\/international-funeral.com\/es\/funerales\/alemania\/\" \/>\n<meta property=\"og:locale\" content=\"es_ES\" \/>\n<meta property=\"og:type\" content=\"article\" \/>\n<meta property=\"og:title\" content=\"Bestattungen in Deutschland | Erd-, Feuerbestattung &amp; Trauerfeier\" \/>\n<meta property=\"og:description\" content=\"Traditionelle Erd- &amp; Feuerbestattungen, mit oder ohne Trauerfeier, wir beraten Sie individuell, einf\u00fchlsam &amp; kostenfrei zur Bestattung.\" \/>\n<meta property=\"og:url\" content=\"https:\/\/international-funeral.com\/es\/funerales\/alemania\/\" \/>\n<meta property=\"og:site_name\" content=\"international-funeral.com\" \/>\n<meta property=\"article:modified_time\" content=\"2025-05-23T11:58:31+00:00\" \/>\n<meta name=\"twitter:card\" content=\"summary_large_image\" \/>\n<meta name=\"twitter:label1\" content=\"Tiempo de lectura\" \/>\n\t<meta name=\"twitter:data1\" content=\"2 minutos\" \/>\n<script type=\"application\/ld+json\" class=\"yoast-schema-graph\">{\"@context\":\"https:\\\/\\\/schema.org\",\"@graph\":[{\"@type\":\"WebPage\",\"@id\":\"https:\\\/\\\/international-funeral.com\\\/bestattungen\\\/deutschland\\\/\",\"url\":\"https:\\\/\\\/international-funeral.com\\\/bestattungen\\\/deutschland\\\/\",\"name\":\"Bestattungen in Deutschland | Erd-, Feuerbestattung & Trauerfeier\",\"isPartOf\":{\"@id\":\"https:\\\/\\\/international-funeral.com\\\/#website\"},\"datePublished\":\"2023-12-19T16:11:49+00:00\",\"dateModified\":\"2025-05-23T11:58:31+00:00\",\"description\":\"Traditionelle Erd- & Feuerbestattungen, mit oder ohne Trauerfeier, wir beraten Sie individuell, einf\u00fchlsam & kostenfrei zur Bestattung.\",\"breadcrumb\":{\"@id\":\"https:\\\/\\\/international-funeral.com\\\/bestattungen\\\/deutschland\\\/#breadcrumb\"},\"inLanguage\":\"es\",\"potentialAction\":[{\"@type\":\"ReadAction\",\"target\":[\"https:\\\/\\\/international-funeral.com\\\/bestattungen\\\/deutschland\\\/\"]}]},{\"@type\":\"BreadcrumbList\",\"@id\":\"https:\\\/\\\/international-funeral.com\\\/bestattungen\\\/deutschland\\\/#breadcrumb\",\"itemListElement\":[{\"@type\":\"ListItem\",\"position\":1,\"name\":\"Startseite\",\"item\":\"https:\\\/\\\/international-funeral.com\\\/\"},{\"@type\":\"ListItem\",\"position\":2,\"name\":\"Bestattung\",\"item\":\"https:\\\/\\\/international-funeral.com\\\/bestattungen\\\/\"},{\"@type\":\"ListItem\",\"position\":3,\"name\":\"Bestattung in Deutschland\"}]},{\"@type\":\"WebSite\",\"@id\":\"https:\\\/\\\/international-funeral.com\\\/#website\",\"url\":\"https:\\\/\\\/international-funeral.com\\\/\",\"name\":\"international-funeral.com\",\"description\":\"Pompes Fun\u00e9bres |\u00a0Funeral Home | Wordwide Transfers\",\"publisher\":{\"@id\":\"https:\\\/\\\/international-funeral.com\\\/#organization\"},\"potentialAction\":[{\"@type\":\"SearchAction\",\"target\":{\"@type\":\"EntryPoint\",\"urlTemplate\":\"https:\\\/\\\/international-funeral.com\\\/?s={search_term_string}\"},\"query-input\":{\"@type\":\"PropertyValueSpecification\",\"valueRequired\":true,\"valueName\":\"search_term_string\"}}],\"inLanguage\":\"es\"},{\"@type\":\"Organization\",\"@id\":\"https:\\\/\\\/international-funeral.com\\\/#organization\",\"name\":\"international-funeral.com\",\"url\":\"https:\\\/\\\/international-funeral.com\\\/\",\"logo\":{\"@type\":\"ImageObject\",\"inLanguage\":\"es\",\"@id\":\"https:\\\/\\\/international-funeral.com\\\/#\\\/schema\\\/logo\\\/image\\\/\",\"url\":\"https:\\\/\\\/international-funeral.com\\\/wp-content\\\/uploads\\\/2025\\\/05\\\/if_logo_pos.png\",\"contentUrl\":\"https:\\\/\\\/international-funeral.com\\\/wp-content\\\/uploads\\\/2025\\\/05\\\/if_logo_pos.png\",\"width\":1890,\"height\":543,\"caption\":\"international-funeral.com\"},\"image\":{\"@id\":\"https:\\\/\\\/international-funeral.com\\\/#\\\/schema\\\/logo\\\/image\\\/\"}}]}<\/script>\n<!-- \/ Yoast SEO plugin. -->","yoast_head_json":{"title":"Funerales en Alemania | Entierro, cremaci\u00f3n y servicio funerario","description":"Entierro tradicional y cremaci\u00f3n, con o sin servicio funerario, le asesoraremos individualmente, con sensibilidad y gratuitamente sobre el funeral.","robots":{"index":"index","follow":"follow","max-snippet":"max-snippet:-1","max-image-preview":"max-image-preview:large","max-video-preview":"max-video-preview:-1"},"canonical":"https:\/\/international-funeral.com\/es\/funerales\/alemania\/","og_locale":"es_ES","og_type":"article","og_title":"Bestattungen in Deutschland | Erd-, Feuerbestattung & Trauerfeier","og_description":"Traditionelle Erd- & Feuerbestattungen, mit oder ohne Trauerfeier, wir beraten Sie individuell, einf\u00fchlsam & kostenfrei zur Bestattung.","og_url":"https:\/\/international-funeral.com\/es\/funerales\/alemania\/","og_site_name":"international-funeral.com","article_modified_time":"2025-05-23T11:58:31+00:00","twitter_card":"summary_large_image","twitter_misc":{"Tiempo de lectura":"2 minutos"},"schema":{"@context":"https:\/\/schema.org","@graph":[{"@type":"WebPage","@id":"https:\/\/international-funeral.com\/bestattungen\/deutschland\/","url":"https:\/\/international-funeral.com\/bestattungen\/deutschland\/","name":"Funerales en Alemania | Entierro, cremaci\u00f3n y servicio funerario","isPartOf":{"@id":"https:\/\/international-funeral.com\/#website"},"datePublished":"2023-12-19T16:11:49+00:00","dateModified":"2025-05-23T11:58:31+00:00","description":"Entierro tradicional y cremaci\u00f3n, con o sin servicio funerario, le asesoraremos individualmente, con sensibilidad y gratuitamente sobre el funeral.","breadcrumb":{"@id":"https:\/\/international-funeral.com\/bestattungen\/deutschland\/#breadcrumb"},"inLanguage":"es","potentialAction":[{"@type":"ReadAction","target":["https:\/\/international-funeral.com\/bestattungen\/deutschland\/"]}]},{"@type":"BreadcrumbList","@id":"https:\/\/international-funeral.com\/bestattungen\/deutschland\/#breadcrumb","itemListElement":[{"@type":"ListItem","position":1,"name":"Startseite","item":"https:\/\/international-funeral.com\/"},{"@type":"ListItem","position":2,"name":"Bestattung","item":"https:\/\/international-funeral.com\/bestattungen\/"},{"@type":"ListItem","position":3,"name":"Bestattung in Deutschland"}]},{"@type":"WebSite","@id":"https:\/\/international-funeral.com\/#website","url":"https:\/\/international-funeral.com\/","name":"international-funeral.com","description":"Pompes Fun\u00e9bres | Funeraria | Traslados internacionales","publisher":{"@id":"https:\/\/international-funeral.com\/#organization"},"potentialAction":[{"@type":"SearchAction","target":{"@type":"EntryPoint","urlTemplate":"https:\/\/international-funeral.com\/?s={search_term_string}"},"query-input":{"@type":"PropertyValueSpecification","valueRequired":true,"valueName":"search_term_string"}}],"inLanguage":"es"},{"@type":"Organization","@id":"https:\/\/international-funeral.com\/#organization","name":"international-funeral.com","url":"https:\/\/international-funeral.com\/","logo":{"@type":"ImageObject","inLanguage":"es","@id":"https:\/\/international-funeral.com\/#\/schema\/logo\/image\/","url":"https:\/\/international-funeral.com\/wp-content\/uploads\/2025\/05\/if_logo_pos.png","contentUrl":"https:\/\/international-funeral.com\/wp-content\/uploads\/2025\/05\/if_logo_pos.png","width":1890,"height":543,"caption":"international-funeral.com"},"image":{"@id":"https:\/\/international-funeral.com\/#\/schema\/logo\/image\/"}}]}},"_links":{"self":[{"href":"https:\/\/international-funeral.com\/es\/wp-json\/wp\/v2\/pages\/169","targetHints":{"allow":["GET"]}}],"collection":[{"href":"https:\/\/international-funeral.com\/es\/wp-json\/wp\/v2\/pages"}],"about":[{"href":"https:\/\/international-funeral.com\/es\/wp-json\/wp\/v2\/types\/page"}],"author":[{"embeddable":true,"href":"https:\/\/international-funeral.com\/es\/wp-json\/wp\/v2\/users\/1"}],"replies":[{"embeddable":true,"href":"https:\/\/international-funeral.com\/es\/wp-json\/wp\/v2\/comments?post=169"}],"version-history":[{"count":8,"href":"https:\/\/international-funeral.com\/es\/wp-json\/wp\/v2\/pages\/169\/revisions"}],"predecessor-version":[{"id":3089,"href":"https:\/\/international-funeral.com\/es\/wp-json\/wp\/v2\/pages\/169\/revisions\/3089"}],"up":[{"embeddable":true,"href":"https:\/\/international-funeral.com\/es\/wp-json\/wp\/v2\/pages\/2896"}],"wp:attachment":[{"href":"https:\/\/international-funeral.com\/es\/wp-json\/wp\/v2\/media?parent=169"}],"curies":[{"name":"wp","href":"https:\/\/api.w.org\/{rel}","templated":true}]}}

<div data-elementor-type="wp-page" data-elementor-id="169" class="elementor elementor-169" data-elementor-post-type="page">
				<div class="elementor-element elementor-element-3b82c54c e-flex e-con-boxed e-con e-parent" data-id="3b82c54c" data-element_type="container" data-e-type="container">
					<div class="e-con-inner">
				<div class="elementor-element elementor-element-bf30d79 elementor-widget elementor-widget-heading" data-id="bf30d79" data-element_type="widget" data-e-type="widget" data-widget_type="heading.default">
				<div class="elementor-widget-container">
					<h2 class="elementor-heading-title elementor-size-default">Enterramientos en Alemania</h2>				</div>
				</div>
				<div class="elementor-element elementor-element-626ead83 elementor-widget elementor-widget-text-editor" data-id="626ead83" data-element_type="widget" data-e-type="widget" data-widget_type="text-editor.default">
				<div class="elementor-widget-container">
									<p>La inhumación en el suelo es el tipo de enterramiento tradicional en Alemania.</p><p>Generalmente se realiza en un ataúd de madera. Es posible hacer excepciones, por ejemplo por motivos religiosos, en cementerios designados. El periodo de descanso en Alemania suele ser de 20 años. Hay numerosas opciones para elegir una tumba. La tumba debe ser mantenida por el familiar más cercano. Sin embargo, dependiendo del cementerio, hay sepulturas que no tienen que ser mantenidas por los familiares.</p><p>Si el funeral se celebra en Alemania, por lo general es posible celebrar un funeral con una ceremonia laica o espiritual. También es posible un entierro sin funeral. Los gastos funerarios pueden ser sufragados por la oficina de asistencia social o la autoridad de inmigración competente.</p><p>Estaremos encantados de asesorarle gratuitamente.</p>								</div>
				</div>
				<div class="elementor-element elementor-element-a163c3b elementor-widget elementor-widget-heading" data-id="a163c3b" data-element_type="widget" data-e-type="widget" data-widget_type="heading.default">
				<div class="elementor-widget-container">
					<h2 class="elementor-heading-title elementor-size-default">Cremaciones en Alemania</h2>				</div>
				</div>
				<div class="elementor-element elementor-element-3f46c15 elementor-widget elementor-widget-text-editor" data-id="3f46c15" data-element_type="widget" data-e-type="widget" data-widget_type="text-editor.default">
				<div class="elementor-widget-container">
									<p>En Alemania, la incineración se considera una alternativa y suele ser el tipo de enterramiento más favorable.</p><p>Por lo general, la cremación tiene lugar en un ataúd. Salvo algunas excepciones, casi todas las religiones y creencias aceptan la cremación. El periodo de descanso en un cementerio alemán suele ser de 20 años. Hay numerosas opciones para elegir una tumba. La tumba debe ser cuidada por los familiares. Sin embargo, dependiendo del cementerio, hay muchas sepulturas que no tienen que ser mantenidas por los familiares. Si el funeral se celebra en Alemania, por lo general es posible celebrar un servicio funerario con una ceremonia laica o espiritual. También es posible un entierro sin servicio funerario.</p><p>Los gastos de sepelio pueden ser sufragados por la oficina de asistencia social o la autoridad de inmigración competente.</p><p>Estaremos encantados de asesorarle gratuitamente.</p>								</div>
				</div>
				<div class="elementor-element elementor-element-ca6e575 elementor-widget elementor-widget-heading" data-id="ca6e575" data-element_type="widget" data-e-type="widget" data-widget_type="heading.default">
				<div class="elementor-widget-container">
					<h2 class="elementor-heading-title elementor-size-default">Funerales en Alemania</h2>				</div>
				</div>
				<div class="elementor-element elementor-element-a4b890c elementor-widget elementor-widget-text-editor" data-id="a4b890c" data-element_type="widget" data-e-type="widget" data-widget_type="text-editor.default">
				<div class="elementor-widget-container">
									<p>Como funeraria, nos encargamos de organizar para usted todo el servicio funerario, incluido el entierro en un cementerio de Alemania o la posterior incineración. También podemos organizar por su cuenta el servicio funerario o la ceremonia de despedida, que usted podrá organizar de acuerdo con sus necesidades personales o ritos religiosos.</p><p>Póngase en contacto con nosotros sobre las opciones individuales para una despedida.</p>								</div>
				</div>
					</div>
				</div>
				</div>

<p>Erdbestattungen in Deutschland Die Erdbestattung gilt in Deutschland als die traditionelle Bestattungsart. Diese erfolgt grundsätzlich in einem Sarg aus Holz. Ausnahmen, z. B. aus religiösen Gründen, sind auf ausgewiesenen Friedhöfen möglich. Die Ruhefrist beträgt in Deutschland im Allgemeinen 20 Jahre. Es gibt zahlreiche Möglichkeiten der Grabauswahl. Das Grab muss von den Angehörigen gepflegt werden. Es [&hellip;]</p>

<!-- This site is optimized with the Yoast SEO plugin v27.5 - https://yoast.com/product/yoast-seo-wordpress/ -->
<title>Bestattungen in Deutschland | Erd-, Feuerbestattung &amp; Trauerfeier</title>
<meta name="description" content="Traditionelle Erd- &amp; Feuerbestattungen, mit oder ohne Trauerfeier, wir beraten Sie individuell, einfühlsam &amp; kostenfrei zur Bestattung." />
<meta name="robots" content="index, follow, max-snippet:-1, max-image-preview:large, max-video-preview:-1" />
<link rel="canonical" href="https://international-funeral.com/es/funerales/alemania/" />
<meta property="og:locale" content="es_ES" />
<meta property="og:type" content="article" />
<meta property="og:title" content="Bestattungen in Deutschland | Erd-, Feuerbestattung &amp; Trauerfeier" />
<meta property="og:description" content="Traditionelle Erd- &amp; Feuerbestattungen, mit oder ohne Trauerfeier, wir beraten Sie individuell, einfühlsam &amp; kostenfrei zur Bestattung." />
<meta property="og:url" content="https://international-funeral.com/es/funerales/alemania/" />
<meta property="og:site_name" content="international-funeral.com" />
<meta property="article:modified_time" content="2025-05-23T11:58:31+00:00" />
<meta name="twitter:card" content="summary_large_image" />
<meta name="twitter:label1" content="Tiempo de lectura" />
	<meta name="twitter:data1" content="2 minutos" />
<script type="application/ld+json" class="yoast-schema-graph">{"@context":"https:\/\/schema.org","@graph":[{"@type":"WebPage","@id":"https:\/\/international-funeral.com\/bestattungen\/deutschland\/","url":"https:\/\/international-funeral.com\/bestattungen\/deutschland\/","name":"Bestattungen in Deutschland | Erd-, Feuerbestattung & Trauerfeier","isPartOf":{"@id":"https:\/\/international-funeral.com\/#website"},"datePublished":"2023-12-19T16:11:49+00:00","dateModified":"2025-05-23T11:58:31+00:00","description":"Traditionelle Erd- & Feuerbestattungen, mit oder ohne Trauerfeier, wir beraten Sie individuell, einfühlsam & kostenfrei zur Bestattung.","breadcrumb":{"@id":"https:\/\/international-funeral.com\/bestattungen\/deutschland\/#breadcrumb"},"inLanguage":"es","potentialAction":[{"@type":"ReadAction","target":["https:\/\/international-funeral.com\/bestattungen\/deutschland\/"]}]},{"@type":"BreadcrumbList","@id":"https:\/\/international-funeral.com\/bestattungen\/deutschland\/#breadcrumb","itemListElement":[{"@type":"ListItem","position":1,"name":"Startseite","item":"https:\/\/international-funeral.com\/"},{"@type":"ListItem","position":2,"name":"Bestattung","item":"https:\/\/international-funeral.com\/bestattungen\/"},{"@type":"ListItem","position":3,"name":"Bestattung in Deutschland"}]},{"@type":"WebSite","@id":"https:\/\/international-funeral.com\/#website","url":"https:\/\/international-funeral.com\/","name":"international-funeral.com","description":"Pompes Funébres | Funeral Home | Wordwide Transfers","publisher":{"@id":"https:\/\/international-funeral.com\/#organization"},"potentialAction":[{"@type":"SearchAction","target":{"@type":"EntryPoint","urlTemplate":"https:\/\/international-funeral.com\/?s={search_term_string}"},"query-input":{"@type":"PropertyValueSpecification","valueRequired":true,"valueName":"search_term_string"}}],"inLanguage":"es"},{"@type":"Organization","@id":"https:\/\/international-funeral.com\/#organization","name":"international-funeral.com","url":"https:\/\/international-funeral.com\/","logo":{"@type":"ImageObject","inLanguage":"es","@id":"https:\/\/international-funeral.com\/#\/schema\/logo\/image\/","url":"https:\/\/international-funeral.com\/wp-content\/uploads\/2025\/05\/if_logo_pos.png","contentUrl":"https:\/\/international-funeral.com\/wp-content\/uploads\/2025\/05\/if_logo_pos.png","width":1890,"height":543,"caption":"international-funeral.com"},"image":{"@id":"https:\/\/international-funeral.com\/#\/schema\/logo\/image\/"}}]}</script>
<!-- / Yoast SEO plugin. -->

Funerales en Alemania | Entierro, cremación y servicio funerario

Entierro tradicional y cremación, con o sin servicio funerario, le asesoraremos individualmente, con sensibilidad y gratuitamente sobre el funeral.

Traditionelle Erd- & Feuerbestattungen, mit oder ohne Trauerfeier, wir beraten Sie individuell, einfühlsam & kostenfrei zur Bestattung.

Pompes Funébres | Funeraria | Traslados internacionales
